remainder when 53 is divided by h.
26
Let s = -2797 + 2873. Calculate the remainder when s is divided by 41.
35
Suppose -3*n + 5*a = -40, 2*n - 4*n + 4*a + 24 = 0. Let r(u) = -22*u + 3. Calculate the remainder when r(-7) is divided by n.
17
Let m = 10 - -12. Calculate the remainder when m*2*6/8 is divided by 13.
7
Let b(i) = 3*i - 11. Let o be b(3). Calculate the remainder when (-3072)/(-60) + (4/o)/10 is divided by 30.
21
Suppose -7*p = -3*p. Suppose 4*v = 4*g - p*v, -v = -5*g + 20. Suppose -s + 25 = 2*a, 39*a - 40*a = -5*s - 7. Calculate the remainder when a is divided by g.
2
Suppose 0 = -t + 97 - 48. Suppose 0 = 5*k - 21 - t. Suppose 4*d - 72 = 140. What is the remainder when d is divided by k?
11
Let v(m) = -m**2 + 12*m - 6. Let r be v(6). Let k = -24 + r. Calculate the remainder when 8 is divided by k.
2
Let q(x) = -2*x + 16. Calculate the remainder when q(-3) is divided by 9.
4
Let s(h) = 2*h + 33. What is the remainder when s(27) is divided by 18?
15
Let s = -150 - -213. Calculate the remainder when s is divided by 34.
29
Suppose -4*s + 60 = -0*s. Calculate the remainder when 34 is divided by ((-8)/(-10))/(3 + (-44)/s).
10
Let i = 9 - 7. Suppose 0 = i*m - 2*w + 10 + 88, 0 = 5*w - 10. Let o = -33 - m. Calculate the remainder when o is divided by 8.
6
What is the remainder when 256 is divided by 13 - (1 + 33)/(-2)?
16
Suppose p + 10 = o + 6*p, 0 = -2*o + 3*p - 6. Suppose x + 0*x - 40 = o. What is the remainder when x is divided by 22?
18
Suppose 5*y - 3*m - 313 = 0, 3*y - 215 = -3*m - 2*m. Let d = 15 + 28. Let j = d + -26. Calculate the remainder when y is divided by j.
14
Suppose -11 = -3*j + p, 0*j + 4 = -3*j - 2*p. Suppose 0 = 3*v - 4*d - 26, -j*d + 4 = v - d. Suppose 4 + 3 = w. Calculate the remainder when w is divided by v.
1
Suppose 78 = 3*z - 87. Let n = 84 - z. Calculate the remainder when n is divided by (-16)/(-1)*(-2)/(-4).
5
Let c(s) = -s**3 + 19*s**2 + 22*s - 1. Calculate the remainder when 129 is divided by c(20).
12
Let s(n) = -n**3 - 2*n**2 - 2*n + 2. Calculate the remainder when s(-3) is divided by (-1 - -15)*(-10)/(-35).
1
Suppose -5*s + 370 = -y, -7*y - 10 = -5*y. What is the remainder when 298 is divided by s?
6
Suppose 4*q = 5*m - 89, 5*m + 3*q + q = 81. Let c = -120 - -187. What is the remainder when c is divided by m?
16
Let n(j) = j**2 + 11*j + 52. Let g(r) = -6*r + 3. Let l(t) = -31*t + 16. Let o(d) = 11*g(d) - 2*l(d). What is the remainder when n(-4) is divided by o(-2)?
6
Suppose 20 = 8*v - 3*v. Suppose -25 = -3*f - 3*m + 23, -2*f = -4*m - 26. What is the remainder when f is divided by v?
3
Suppose 41 = -3*p - 1. Let i = p - -15. What is the remainder when -6*11/(-2)*i is divided by 18?
15
Suppose -26*z + 12*z = -1764. What is the remainder when z is divided by 32?
30
Suppose l + 3*l + 68 = 2*b, -b = -5*l - 82. Let c be l/6*42/(-8). Suppose -c = -2*q + 2*n, 2 = 4*q + 4*n - 2. Calculate the remainder when 13 is divided by q.
1
Suppose -5*c + 133 = 2*u, -3*c - 2*c = -4*u - 139. Suppose -c - 9 = -2*j. Calculate the remainder when j is divided by 5.
3
Let g = -14 + 14. Suppose -5*r = 4*q - 19, 5*r - 4*q - 6 - 45 = g. Suppose -2*p + 5 + r = 0. Calculate the remainder when p is divided by 2.
0
What is the remainder when 13/(-4) - -4 - 964/(-16) is divided by 9?
7
Let j(g) = -g**2 - 2*g + 94. Let u be j(0). Suppose -u = -v - v. Calculate the remainder when v is divided by 28/(-35)*2*-15.
23
Let s = 822 - 633. Calculate the remainder when s is divided by 16.
13
Suppose 4*p = -4*n + 536, 0 = 8*n - 3*n - 4*p - 670. Calculate the remainder when n is divided by 67.
0
Suppose -32 = -0*k - 5*k + m, -50 = -5*k - 5*m. Suppose 6*o + 11 = k*o. What is the remainder when 17 is divided by o?
6
Let i = 4 - -1. Suppose -x + 5*v + 45 = 0, -v + 78 = i*x - 17. What is the remainder when x is divided by 7?
6
Let p(y) = 2*y**2 - y - 1. Let q(x) = -3*x**2 + 2*x + 1. Let v(b) = 5*p(b) + 3*q(b). What is the remainder when 19 is divided by v(2)?
3
Let v(a) be the first derivative of 1/4*a**4 + 2*a + 0*a**3 + 3 - 1/2*a**2. What is the remainder when v(1) is divided by 2?
0
Calculate the remainder when 80 is divided by -2 - (-36)/20 - (-61)/5.
8
Let s be (-80)/(0 - -1) - -2. Let q = -54 - s. Suppose -116 = -36*x + 352. Calculate the remainder when q is divided by x.
11
Let d(j) = j**2 + 3*j + 44. What is the remainder when d(-15) is divided by 19?
15
Let s = -142 - -214. Let x = -27 + s. Calculate the remainder when x is divided by 16.
13
Let f(q) = 4*q**2 + q + 4. What is the remainder when f(-8) is divided by 23?
22
Suppose -3*i - 455 = -5*a - 0*i, 4*i = -a + 114. Let b = a + -85. Calculate the remainder when b is divided by ((-3)/3)/((-2)/12).
3
Suppose -u - 2*h + 4 = 0, 2*u - 27 = 2*h - 1. Suppose -34 = -3*d + 4*q, -q - u = d + 3*q. Calculate the remainder when 27 is divided by d.
3
Let k = -13 + 24. Let m(s) = 9*s - 1. Let f be m(1). Let i = 12 + f. Calculate the remainder when i is divided by k.
9
Let z = -922 + 937. Calculate the remainder when 161 is divided by z.
11
Suppose -a + 2*d = -2*d + 14, -4*a + 3*d - 4 = 0. What is the remainder when 50 is divided by (a/1)/((-6)/(-39) - 0)?
11
Let p be (4 - (-2)/((-16)/12))*50. Suppose 4*s - r = p, -s + r = -3*s + 55. What is the remainder when s is divided by 17?
13
Let m(k) = 3*k**2 + 8*k + 16. Calculate the remainder when m(4) is divided by 10.
6
Let j(k) = k**2 - 10*k + 6. Let g be j(10). Let l be 36/(-6)*(-4)/g. What is the remainder when 43 is divided by l/22 + 240/11?
21
Let r = 95 - 92. Suppose 3*c = r + 3. What is the remainder when 30 is divided by c?
0
Suppose 4*i + 3*l = 337, 2*i - 62 = -5*l + 89. What is the remainder when i is divided by 25?
13
Let z = -254 + 152. What is the remainder when 2/(-2) + (5 - z - -1) is divided by 14?
9
Suppose 5*t - 193 = -33. Calculate the remainder when t is divided by (-5 + 3 - 7)*-1.
5
Let m = 363 + -223. What is the remainder when m is divided by 21?
14
Suppose 4*g = -j + 27 + 9, 28 = j + 2*g. What is the remainder when 157 is divided by j?
17
Let a(d) = 6*d**2 + 6*d + 24. Let u be a(-9). Suppose -3*h + u = -0*h. Calculate the remainder when h is divided by 31.
28
Suppose -4*y = 2*w + 10, 0 = 5*y + 4*w - 7 + 27. Suppose 6*g - 57 - 21 = y. What is the remainder when 62 is divided by g?
10
Suppose 4*r = -4*x + 88, -2*r - 3*r + 104 = 3*x. Let d be (1 - -24)/(1/3). Suppose 1 = -i + d. What is the remainder when i is divided by r?
17
Let a(v) = 18*v + 7. What is the remainder when 124 is divided by a(1)?
24
Suppose 0 = 3*q - 2*f - 36, q + 4*f - 8 = -q. Let r = 134 + -95. Calculate the remainder when r is divided by (-3)/(-15) - (-198)/q.
19
Let g = -4 + 7. Let r(j) = -j**2 - 3*j + g + 2 - 3. Calculate the remainder when 11 is divided by r(-2).
3
Let w(o) be the third derivative of -o**6/120 + o**4/24 + 9*o**3/2 - 2*o**2 - 20*o. What is the remainder when w(0) is divided by 5?
2
Let s = 1542 - 1277. Calculate the remainder when s is divided by 95.
75
Let o(n) = -n**2 + 3*n - 3. Let u be o(2). What is the remainder when -88*(406/8)/(-29) is divided by -6*((-26)/(-4))/u?
37
Let r = -8 + 25. Suppose 23*n - 1011 = -413. What is the remainder when n is divided by r?
9
Let y = 77 - 33. What is the remainder when y is divided by 17?
10
Let z = -24 - -31. Suppose -64 - 13 = -z*o. Calculate the remainder when 14 is divided by o.
3
Suppose -2*i + 5*i - 30 = 0. Suppose 40 = -z + 5*z. Let x = z + i. What is the remainder when 79 is divided by x?
19
Let b(i) = -i**3 + 4*i + 4. Let n be b(-2). Suppose 0 = -n*g + g - 5*d, -4*g = 3*d. Suppose 2*s + 0*s - 50 = g. Calculate the remainder when 97 is divided by s.
22
Let w = -291 - -308. Let b = 40 - 98. Let f = w - b. Calculate the remainder when f is divided by 19.
18
Let i = 2096 - 1605. Calculate the remainder when i is divided by 82.
81
Suppose -932 = -15*j + 1588. Calculate the remainder when j is divided by 57.
54
Let s(n) = 8*n**2 - 2*n + 1. What is the remainder when 75 is divided by s(1)?
5
Let n(u) = u**2 - 10*u + 20. Let a be (-2)/(-2)*(1 - -2 - -5). What is the remainder when (-2)/(-4) + (-81)/(-6) is divided by n(a)?
2
Let m(y) = 8*y**2 + 4*y + 2. Suppose 936*j = 940*j - 148. Calculate the remainder when m(-5) is divided by j.
34
Let g(j) = 2*j**2 + 5*j - 4. Let y = -34 - -60. Let u = y - 14. What is t